ided by 3?
0
What is the remainder when 5833 is divided by 136?
121
What is the remainder when 83 is divided by 17?
15
Calculate the remainder when 593 is divided by 91.
47
What is the remainder when 1479 is divided by 8?
7
What is the remainder when 510 is divided by 64?
62
What is the remainder when 229 is divided by 121?
108
Calculate the remainder when 300 is divided by 124.
52
What is the remainder when 1614 is divided by 125?
114
What is the remainder when 65 is divided by 51?
14
What is the remainder when 96 is divided by 11?
8
Calculate the remainder when 16104 is divided by 5366.
6
Calculate the remainder when 642 is divided by 24.
18
Calculate the remainder when 273 is divided by 17.
1
What is the remainder when 17 is divided by 12?
5
Calculate the remainder when 607 is divided by 19.
18
Calculate the remainder when 94 is divided by 9.
4
What is the remainder when 83 is divided by 42?
41
What is the remainder when 803 is divided by 162?
155
What is the remainder when 985 is divided by 6?
1
What is the remainder when 1752 is divided by 197?
176
What is the remainder when 20 is divided by 18?
2
What is the remainder when 16 is divided by 6?
4
What is the remainder when 153 is divided by 25?
3
What is the remainder when 2149 is divided by 530?
29
Calculate the remainder when 78 is divided by 17.
10
What is the remainder when 257 is divided by 86?
85
What is the remainder when 361 is divided by 73?
69
Calculate the remainder when 436 is divided by 110.
106
Calculate the remainder when 243 is divided by 13.
9
What is the remainder when 1824 is divided by 608?
0
Calculate the remainder when 100 is divided by 45.
10
Calculate the remainder when 623 is divided by 180.
83
Calculate the remainder when 141 is divided by 38.
27
What is the remainder when 288 is divided by 68?
16
Calculate the remainder when 107 is divided by 23.
15
Calculate the remainder when 1404 is divided by 235.
229
What is the remainder when 246 is divided by 44?
26
What is the remainder when 254 is divided by 17?
16
What is the remainder when 2477 is divided by 50?
27
Calculate the remainder when 46 is divided by 2.
0
Calculate the remainder when 54 is divided by 5.
4
Calculate the remainder when 54 is divided by 12.
6
Calculate the remainder when 304 is divided by 55.
29
What is the remainder when 532 is divided by 141?
109
Calculate the remainder when 502 is divided by 34.
26
Calculate the remainder when 423 is divided by 73.
58
What is the remainder when 378 is divided by 3?
0
Calculate the remainder when 5514 is divided by 60.
54
Calculate the remainder when 141 is divided by 29.
25
What is the remainder when 1260 is divided by 158?
154
Calculate the remainder when 143 is divided by 19.
10
Calculate the remainder when 27267 is divided by 30.
27
What is the remainder when 15 is divided by 3?
0
What is the remainder when 257 is divided by 132?
125
What is the remainder when 46 is divided by 15?
1
Calculate the remainder when 62 is divided by 56.
6
What is the remainder when 9863 is divided by 274?
273
Calculate the remainder when 1382 is divided by 355.
317
What is the remainder when 122 is divided by 24?
2
What is the remainder when 87 is divided by 34?
19
Calculate the remainder when 2419 is divided by 10.
9
What is the remainder when 4928 is divided by 170?
168
What is the remainder when 407 is divided by 116?
59
What is the remainder when 476 is divided by 7?
0
Calculate the remainder when 5591 is divided by 24.
23
What is the remainder when 63 is divided by 17?
12
Calculate the remainder when 2044 is divided by 1001.
42
What is the remainder when 26 is divided by 25?
1
What is the remainder when 4509 is divided by 32?
29
What is the remainder when 112 is divided by 25?
12
Calculate the remainder when 68 is divided by 23.
22
Calculate the remainder when 157 is divided by 45.
22
What is the remainder when 122 is divided by 61?
0
Calculate the remainder when 111 is divided by 29.
24
Calculate the remainder when 82 is divided by 43.
39
Calculate the remainder when 1343 is divided by 14.
13
What is the remainder when 346 is divided by 109?
19
Calculate the remainder when 96 is divided by 10.
6
Calculate the remainder when 418 is divided by 20.
18
What is the remainder when 209 is divided by 97?
15
What is the remainder when 110 is divided by 23?
18
What is the remainder when 5809 is divided by 153?
148
Calculate the remainder when 8 is divided by 1.
0
Calculate the remainder when 547 is divided by 168.
43
Calculate the remainder when 2163 is divided by 114.
111
Calculate the remainder when 868 is divided by 704.
164
Calculate the remainder when 2619 is divided by 871.
6
Calculate the remainder when 1939 is divided by 27.
22
What is the remainder when 940 is divided by 19?
9
Calculate the remainder when 54 is divided by 31.
23
What is the remainder when 1190 is divided by 8?
6
Calculate the remainder when 374 is divided by 18.
14
What is the remainder when 2584 is divided by 11?
10
Calculate the remainder when 1305 is divided by 6.
3
Calculate the remainder when 235 is divided by 48.
43
Calculate the remainder when 107 is divided by 91.
16
Calculate the remainder when 228 is divided by 25.
3
Calculate the remainder when 19 is divided by 16.
3
What is the remainder when 689 is divided by 139?
133
Calculate the remainder when 36798 is divided by 23.
21
What is the remainder when 347 is divided by 32?
27
What is the remainder when 948 is divided by 62?
18
Calculate the remainder when 22 is divided by 10.
2
Calculate the remainder when 127 is divided by 34.
25
What is the remainder when 4174 is divided by 232?
230
Calculate the remainder when 1310 is divided by 16.
14
What is the remainder when 114 is divided by 39?
36
Calculate the remainder when 310 is divided by 64.
54
What is the remainder when 349 is divided by 10?
9
Calculate the remainder when 3547 is divided by 15.
7
What is the remainder when 95 is divided by 27?
14
Calculate the remainder when 276 is divided by 21.
3
Calculate the remainder when 7630 is divided by 402.
394
What is the remainder when 138 is divided by 12?
6
Calculate the remainder when 49 is divided by 30.
19
Calculate the remainder when 3 is divided by 2.
1
What is the remainder when 9324 is divided by 22?
18
What is the remainder when 68 is divided by 22?
2
Calculate the remainder when 627 is divided by 6.
3
What is the remainder when 87 is divided by 15?
12
What is the remainder when 261 is divided by 69?
54
Calculate the remainder when 2164 is divided by 716.
16
Calculate the remainder when 799 is divided by 44.
7
What is the remainder when 3876 is divided by 1933?
10
Calculate the remainder when 788 is divided by 194.
12
What is the remainder when 943 is divided by 61?
28
Calculate the remainder when 433 is divided by 24.
1
Calculate the remainder when 934 is divided by 26.
24
Calculate the remainder when 563 is divided by 30.
23
What is the remainder when 1340 is divided by 21?
17
Calculate the remainder when 393 is divided by 26.
3
Calculate the remainder when 1507 is divided by 151.
148
What is the remainder when 247 is divided by 83?
81
What is the remainder when 902 is divided by 43?
42
What is the remainder when 85 is divided by 35?
15
What is the remainder when 30 is divided by 9?
3
Calculate the remainder when 162 is divided by 28.
22
What is the remainder when 299 is divided by 66?
35
What is the remainder when 478 is divided by 329?
149
What is the remainder when 123 is divided by 61?
1
What is the remainder when 267 is divided by 8?
3
Calculate the remainder when 489 is divided by 60.
9
What is the remainder when 230 is divided by 24?
14
Calculate the remainder when 5107 is divided by 2549.
9
Calculate the remainder when 244 is divided by 40.
4
Calculate the remainder when 15341 is divided by 31.
27
What is the remainder when 351 is divided by 40?
31
What is the remainder when 49 is divided by 13?
10
Calculate the remainder when 1242 is divided by 57.
45
What is the remainder when 321 is divided by 126?
69
Calculate the remainder when 619 is divided by 35.
24
Calculate the remainder when 475 is divided by 43.
2
Calculate the remainder when 83 is divided by 59.
24
Calculate the remainder when 3222 is divided by 40.
22
Calculate t